{"id":1144,"date":"2021-03-29T15:58:58","date_gmt":"2021-03-29T15:58:58","guid":{"rendered":"https:\/\/36256ryd.se\/minnen\/?page_id=1144"},"modified":"2021-03-29T15:58:58","modified_gmt":"2021-03-29T15:58:58","slug":"atostugan","status":"publish","type":"page","link":"https:\/\/36256ryd.se\/minnen\/bilder\/atostugan\/","title":{"rendered":"ATOSTUGAN"},"content":{"rendered":"\n<p>Wikipedia om Atostugan<\/p>\n\n\n\n<p><strong>Atostugan<\/strong>&nbsp;\u00e4r en timmerstuga inom omr\u00e5det f\u00f6r&nbsp;<a href=\"https:\/\/sv.wikipedia.org\/wiki\/Vapstens_sameby\">Vapstens sameby<\/a>, i&nbsp;<a href=\"https:\/\/sv.wikipedia.org\/wiki\/T%C3%A4rna_socken,_Lappland\">T\u00e4rna socken<\/a>&nbsp;i&nbsp;<a href=\"https:\/\/sv.wikipedia.org\/wiki\/Storumans_kommun\">Storumans kommun<\/a>, n\u00e4ra&nbsp;<a href=\"https:\/\/sv.wikipedia.org\/wiki\/Atoklimpen\">Atoklimpen<\/a>. Den byggdes av den samiska familjen Tomas och Anna Klementsson, som dessf\u00f6rinnan omkring 1920 byggt en torvk\u00e5ta i trakten. Atostugan stod klar 1925, trots att det d\u00e5 var f\u00f6rbjudet f\u00f6r samer att uppf\u00f6ra fasta byggnader.<\/p>\n\n\n\n<p>Atostugan liggerp\u00e5 Risb\u00e4ckens sommarviste, som \u00e4r en gammal samisk boplats och som finns belagd i litteraturen fr\u00e5n 1700-talet. Renskiljningsplatsen ligger n\u00e5gra hundra meter fr\u00e5n huset, mot Risb\u00e4cken till. D\u00e4r byggdes fr\u00e5n 1890-talet renskiljningsg\u00e4rden.<\/p>\n\n\n\n<p>Den lilla Atostugan byggdes utan byggnadstillst\u00e5nd vid en tidpunkt d\u00e5 det var f\u00f6rbjudet f\u00f6r samer att uppf\u00f6ra permanenta byggnader i fj\u00e4llomr\u00e5det. Det uppstod br\u00e5k om bygget, d\u00e5&nbsp;<a href=\"https:\/\/sv.wikipedia.org\/wiki\/Lappfogde\">lappfogden<\/a>&nbsp;uppmanade till rivning, och detta medverkade till att lagstiftningen f\u00f6r\u00e4ndrades och fr\u00e5n 1928 till\u00e4ts samerna att bygga f\u00f6r den svenska kulturen konventionella hus. Atostugan anv\u00e4ndes senare mellan 1928 och 1945 ocks\u00e5 som l\u00e4rarbostad vid en nyinr\u00e4ttad&nbsp;<a href=\"https:\/\/sv.wikipedia.org\/wiki\/K%C3%A5taskola\">k\u00e5taskola<\/a>&nbsp;p\u00e5 platsen. Skolan bestod av tre k\u00e5tor: en f\u00f6r undervisning, en f\u00f6r m\u00e5ltider och en som sovsal. Efter k\u00e5taskolans nedl\u00e4ggning undervisades samebarn i en nybyggd&nbsp;<a href=\"https:\/\/sv.wikipedia.org\/wiki\/Nomadskola\">nomadskola<\/a>&nbsp;i&nbsp;<a href=\"https:\/\/sv.wikipedia.org\/wiki\/T%C3%A4rnaby\">T\u00e4rnaby<\/a>.<\/p>\n\n\n\n<p>Atostugan, Joesj\u00f6. Atostugan byggdes av Tomas Lambert Klementsson med hj\u00e4lp av norska b\u00f6nder som lejdes f\u00f6r bygget. Arbetsmaterial k\u00f6ptes i Norge och transporterades upp till stugan p\u00e5 vinterf\u00f6re. Stugan byggdes utan tillst\u00e5nd d\u00e5 lappar var f\u00f6rbjudna att bo i hus. Bygget anm\u00e4ldes och rivning stoppades efter ingripande av landsh\u00f6vding, Rosen. Han och frun hade varit p\u00e5 bes\u00f6k och blivit goda v\u00e4nner med familjen. Enligt Dorotea, min mor, ringde Anna Klementsson sin v\u00e4n, landsh\u00f6vdingsfrun, och ber\u00e4ttade om el\u00e4ndet.<\/p>\n\n\n\n<p>Atostugan utg\u00f6r numera entr\u00e9 til det 2005 inr\u00e4ttade&nbsp;<a href=\"https:\/\/sv.wikipedia.org\/wiki\/Atoklimpens_kulturreservat\">Atoklimpens kulturreservat<\/a>.<\/p>\n\n\n\n<p>Galleriet visar en del av familjens kort fr\u00e5n tiden i Atostugan. Fotografen \u00e4r ok\u00e4nd.<\/p>\n\n\n\nngg_shortcode_0_placeholder\n<p>Visningar: 202<\/p>","protected":false},"excerpt":{"rendered":"<p>Wikipedia om Atostugan Atostugan&nbsp;\u00e4r en timmerstuga inom omr\u00e5det f\u00f6r&nbsp;Vapstens sameby, i&nbsp;T\u00e4rna socken&nbsp;i&nbsp;Storumans kommun, n\u00e4ra&nbsp;Atoklimpen. Den byggdes av den samiska familjen Tomas och Anna Klementsson, som&hellip;<\/p>\n","protected":false},"author":1,"featured_media":0,"parent":160,"menu_order":0,"comment_status":"closed","ping_status":"closed","template":"","meta":{"ngg_post_thumbnail":0,"footnotes":""},"class_list":["post-1144","page","type-page","status-publish","hentry"],"_links":{"self":[{"href":"https:\/\/36256ryd.se\/minnen\/wp-json\/wp\/v2\/pages\/1144","targetHints":{"allow":["GET"]}}],"collection":[{"href":"https:\/\/36256ryd.se\/minnen\/wp-json\/wp\/v2\/pages"}],"about":[{"href":"https:\/\/36256ryd.se\/minnen\/wp-json\/wp\/v2\/types\/page"}],"author":[{"embeddable":true,"href":"https:\/\/36256ryd.se\/minnen\/wp-json\/wp\/v2\/users\/1"}],"replies":[{"embeddable":true,"href":"https:\/\/36256ryd.se\/minnen\/wp-json\/wp\/v2\/comments?post=1144"}],"version-history":[{"count":1,"href":"https:\/\/36256ryd.se\/minnen\/wp-json\/wp\/v2\/pages\/1144\/revisions"}],"predecessor-version":[{"id":1178,"href":"https:\/\/36256ryd.se\/minnen\/wp-json\/wp\/v2\/pages\/1144\/revisions\/1178"}],"up":[{"embeddable":true,"href":"https:\/\/36256ryd.se\/minnen\/wp-json\/wp\/v2\/pages\/160"}],"wp:attachment":[{"href":"https:\/\/36256ryd.se\/minnen\/wp-json\/wp\/v2\/media?parent=1144"}],"curies":[{"name":"wp","href":"https:\/\/api.w.org\/{rel}","templated":true}]}}