{"id":1188,"date":"2021-04-02T09:45:51","date_gmt":"2021-04-02T09:45:51","guid":{"rendered":"https:\/\/36256ryd.se\/minnen\/?page_id=1188"},"modified":"2021-04-02T09:45:51","modified_gmt":"2021-04-02T09:45:51","slug":"bad-i-fattjaure","status":"publish","type":"page","link":"https:\/\/36256ryd.se\/minnen\/bilder\/bad-i-fattjaure\/","title":{"rendered":"BAD I F\u00c4TTJAURE"},"content":{"rendered":"\n<p>En varm sommardag i slutet p\u00e5 1940-talet gick ungdomarna i Borkan till Nedre F\u00e4ttjaure f\u00f6r sol och bad.<\/p>\n\n\n\n<p>Foto: Kjell Fj\u00e4llstr\u00f6m<\/p>\n\n\n\nngg_shortcode_0_placeholder\n<p>Visningar: 106<\/p>","protected":false},"excerpt":{"rendered":"<p>En varm sommardag i slutet p\u00e5 1940-talet gick ungdomarna i Borkan till Nedre F\u00e4ttjaure f\u00f6r sol och bad. Foto: Kjell Fj\u00e4llstr\u00f6m Visningar: 106<\/p>\n","protected":false},"author":1,"featured_media":0,"parent":160,"menu_order":15,"comment_status":"closed","ping_status":"closed","template":"","meta":{"ngg_post_thumbnail":0,"footnotes":""},"class_list":["post-1188","page","type-page","status-publish","hentry"],"_links":{"self":[{"href":"https:\/\/36256ryd.se\/minnen\/wp-json\/wp\/v2\/pages\/1188","targetHints":{"allow":["GET"]}}],"collection":[{"href":"https:\/\/36256ryd.se\/minnen\/wp-json\/wp\/v2\/pages"}],"about":[{"href":"https:\/\/36256ryd.se\/minnen\/wp-json\/wp\/v2\/types\/page"}],"author":[{"embeddable":true,"href":"https:\/\/36256ryd.se\/minnen\/wp-json\/wp\/v2\/users\/1"}],"replies":[{"embeddable":true,"href":"https:\/\/36256ryd.se\/minnen\/wp-json\/wp\/v2\/comments?post=1188"}],"version-history":[{"count":1,"href":"https:\/\/36256ryd.se\/minnen\/wp-json\/wp\/v2\/pages\/1188\/revisions"}],"predecessor-version":[{"id":1197,"href":"https:\/\/36256ryd.se\/minnen\/wp-json\/wp\/v2\/pages\/1188\/revisions\/1197"}],"up":[{"embeddable":true,"href":"https:\/\/36256ryd.se\/minnen\/wp-json\/wp\/v2\/pages\/160"}],"wp:attachment":[{"href":"https:\/\/36256ryd.se\/minnen\/wp-json\/wp\/v2\/media?parent=1188"}],"curies":[{"name":"wp","href":"https:\/\/api.w.org\/{rel}","templated":true}]}}

BAD I FÄTTJAURE

<p>En varm sommardag i slutet på 1940-talet gick ungdomarna i Borkan till Nedre Fättjaure för sol och bad.</p>



<p>Foto: Kjell Fjällström</p>



ngg_shortcode_0_placeholder
<p>Visningar: 106</p>

<p>En varm sommardag i slutet på 1940-talet gick ungdomarna i Borkan till Nedre Fättjaure för sol och bad. Foto: Kjell Fjällström Visningar: 106</p>
