{"id":20,"date":"2021-02-23T12:27:36","date_gmt":"2021-02-23T12:27:36","guid":{"rendered":"https:\/\/minnen.36256ryd.se\/?page_id=20"},"modified":"2022-02-23T16:05:31","modified_gmt":"2022-02-23T16:05:31","slug":"home","status":"publish","type":"page","link":"https:\/\/36256ryd.se\/minnen\/","title":{"rendered":"MINNEN"},"content":{"rendered":"\n<div class=\"wp-block-media-text alignwide is-stacked-on-mobile\"><figure class=\"wp-block-media-text__media\"><img loading=\"lazy\" decoding=\"async\" width=\"721\" height=\"480\" src=\"https:\/\/36256ryd.se\/minnen\/wp-content\/uploads\/2021\/02\/KjellFjallstrom-2-Small.jpg\" alt=\"\" class=\"wp-image-353 size-thumbnail\" srcset=\"https:\/\/36256ryd.se\/minnen\/wp-content\/uploads\/2021\/02\/KjellFjallstrom-2-Small.jpg 721w, https:\/\/36256ryd.se\/minnen\/wp-content\/uploads\/2021\/02\/KjellFjallstrom-2-Small-300x200.jpg 300w\" sizes=\"auto, (max-width: 721px) 100vw, 721px\" \/><\/figure><div class=\"wp-block-media-text__content\">\n<h3 class=\"wp-block-heading\">Kjell Fj\u00e4llstr\u00f6m<\/h3>\n\n\n\n<p>ber\u00e4ttar om sina minnen fr\u00e5n tiden i Svansj\u00f6n hos morfar, Lill M\u00e5nke, och mormor. Arbetet som rensk\u00f6tare och skogshuggare samt upplevelser under mobiliseringen 1939-1940.<\/p>\n\n\n\n<h6 class=\"wp-block-heading\">Ladda ner e-boken och l\u00e4s hans ber\u00e4ttelse  <\/h6>\n\n\n\n<div class=\"wp-block-buttons is-layout-flex wp-block-buttons-is-layout-flex\">\n<div class=\"wp-block-button\"><a class=\"wp-block-button__link\" href=\"https:\/\/36256ryd.se\/minnen\/kjell\/\">Minnen fr\u00e5n Svansj\u00f6n<\/a><\/div>\n<\/div>\n<\/div><\/div>\n\n\n\n<div class=\"wp-block-media-text alignwide is-stacked-on-mobile\"><figure class=\"wp-block-media-text__media\"><img loading=\"lazy\" decoding=\"async\" width=\"564\" height=\"556\" src=\"https:\/\/36256ryd.se\/minnen\/wp-content\/uploads\/2021\/02\/Kopia-av-DoroteaKristinaKlementsson.jpg\" alt=\"\" class=\"wp-image-355 size-full\" srcset=\"https:\/\/36256ryd.se\/minnen\/wp-content\/uploads\/2021\/02\/Kopia-av-DoroteaKristinaKlementsson.jpg 564w, https:\/\/36256ryd.se\/minnen\/wp-content\/uploads\/2021\/02\/Kopia-av-DoroteaKristinaKlementsson-300x296.jpg 300w\" sizes=\"auto, (max-width: 564px) 100vw, 564px\" \/><\/figure><div class=\"wp-block-media-text__content\">\n<h3 class=\"wp-block-heading\">Dorotea Fj\u00e4llstr\u00f6m<br>f. Klementsson<\/h3>\n\n\n\n<p>Atostugan, T\u00e4rnaby<br>Storbacken, Borkan<br>K\u00e5taskolan<\/p>\n\n\n\n<div class=\"wp-block-buttons is-layout-flex wp-block-buttons-is-layout-flex\">\n<div class=\"wp-block-button\"><a class=\"wp-block-button__link\" href=\"https:\/\/36256ryd.se\/minnen\/dorotea\/doroteas-minen\/\">Dorotea ber\u00e4ttar<\/a><\/div>\n<\/div>\n<\/div><\/div>\n\n\n\n<div class=\"wp-block-media-text alignwide is-stacked-on-mobile\"><figure class=\"wp-block-media-text__media\"><img loading=\"lazy\" decoding=\"async\" width=\"487\" height=\"480\" src=\"https:\/\/36256ryd.se\/minnen\/wp-content\/uploads\/2021\/02\/Kjell-fotografen-Small.jpg\" alt=\"\" class=\"wp-image-352 size-full\" srcset=\"https:\/\/36256ryd.se\/minnen\/wp-content\/uploads\/2021\/02\/Kjell-fotografen-Small.jpg 487w, https:\/\/36256ryd.se\/minnen\/wp-content\/uploads\/2021\/02\/Kjell-fotografen-Small-300x296.jpg 300w\" sizes=\"auto, (max-width: 487px) 100vw, 487px\" \/><\/figure><div class=\"wp-block-media-text__content\">\n<h2 class=\"wp-block-heading\">Kjell Fj\u00e4llstr\u00f6m<\/h2>\n\n\n\n<p>Foton fr\u00e5n 1950 &#8211; 1970 talet<\/p>\n\n\n\n<div class=\"wp-block-buttons is-layout-flex wp-block-buttons-is-layout-flex\">\n<div class=\"wp-block-button\"><a class=\"wp-block-button__link\" href=\"https:\/\/36256ryd.se\/minnen\/bilder\/\">Kjells bilder<\/a><\/div>\n<\/div>\n<\/div><\/div>\n\n\n\n<div class=\"wp-block-media-text alignwide is-stacked-on-mobile\"><figure class=\"wp-block-media-text__media\"><img loading=\"lazy\" decoding=\"async\" width=\"480\" height=\"480\" src=\"https:\/\/36256ryd.se\/minnen\/wp-content\/uploads\/2021\/02\/pictu-106-Small.jpg\" alt=\"\" class=\"wp-image-380 size-full\" srcset=\"https:\/\/36256ryd.se\/minnen\/wp-content\/uploads\/2021\/02\/pictu-106-Small.jpg 480w, https:\/\/36256ryd.se\/minnen\/wp-content\/uploads\/2021\/02\/pictu-106-Small-300x300.jpg 300w, https:\/\/36256ryd.se\/minnen\/wp-content\/uploads\/2021\/02\/pictu-106-Small-150x150.jpg 150w\" sizes=\"auto, (max-width: 480px) 100vw, 480px\" \/><\/figure><div class=\"wp-block-media-text__content\">\n<h2 class=\"wp-block-heading\">Andra minnen<\/h2>\n\n\n\n<div class=\"wp-block-buttons is-layout-flex wp-block-buttons-is-layout-flex\">\n<div class=\"wp-block-button\"><a class=\"wp-block-button__link\" href=\"https:\/\/36256ryd.se\/minnen\/andra-minnen\/\">Andra minnen<\/a><\/div>\n<\/div>\n<\/div><\/div>\n<p>Visningar: 8310<\/p>","protected":false},"excerpt":{"rendered":"<p>Visningar: 8310<\/p>\n","protected":false},"author":1,"featured_media":0,"parent":0,"menu_order":1,"comment_status":"closed","ping_status":"closed","template":"","meta":{"ngg_post_thumbnail":0,"footnotes":""},"class_list":["post-20","page","type-page","status-publish","hentry"],"_links":{"self":[{"href":"https:\/\/36256ryd.se\/minnen\/wp-json\/wp\/v2\/pages\/20","targetHints":{"allow":["GET"]}}],"collection":[{"href":"https:\/\/36256ryd.se\/minnen\/wp-json\/wp\/v2\/pages"}],"about":[{"href":"https:\/\/36256ryd.se\/minnen\/wp-json\/wp\/v2\/types\/page"}],"author":[{"embeddable":true,"href":"https:\/\/36256ryd.se\/minnen\/wp-json\/wp\/v2\/users\/1"}],"replies":[{"embeddable":true,"href":"https:\/\/36256ryd.se\/minnen\/wp-json\/wp\/v2\/comments?post=20"}],"version-history":[{"count":4,"href":"https:\/\/36256ryd.se\/minnen\/wp-json\/wp\/v2\/pages\/20\/revisions"}],"predecessor-version":[{"id":1432,"href":"https:\/\/36256ryd.se\/minnen\/wp-json\/wp\/v2\/pages\/20\/revisions\/1432"}],"wp:attachment":[{"href":"https:\/\/36256ryd.se\/minnen\/wp-json\/wp\/v2\/media?parent=20"}],"curies":[{"name":"wp","href":"https:\/\/api.w.org\/{rel}","templated":true}]}}