{"id":215,"date":"2021-02-24T09:48:34","date_gmt":"2021-02-24T09:48:34","guid":{"rendered":"https:\/\/minnen.36256ryd.se\/?page_id=215"},"modified":"2021-03-29T10:43:10","modified_gmt":"2021-03-29T10:43:10","slug":"ransargardet","status":"publish","type":"page","link":"https:\/\/36256ryd.se\/minnen\/bilder\/ransargardet\/","title":{"rendered":"RENSKILJNING"},"content":{"rendered":"\n<p>Bilder tagna i B\u00e5tsj\u00f6g\u00e4rdet och i Ransarviksg\u00e4rdet.<\/p>\n\n\n\n<p>Foto: Kjell Fj\u00e4llstr\u00f6m c:a 1955<\/p>\n\n\n\nngg_shortcode_0_placeholder\n<p>Visningar: 177<\/p>","protected":false},"excerpt":{"rendered":"<p>Bilder tagna i B\u00e5tsj\u00f6g\u00e4rdet och i Ransarviksg\u00e4rdet. Foto: Kjell Fj\u00e4llstr\u00f6m c:a 1955 Visningar: 177<\/p>\n","protected":false},"author":1,"featured_media":0,"parent":160,"menu_order":3,"comment_status":"open","ping_status":"closed","template":"","meta":{"ngg_post_thumbnail":0,"footnotes":""},"class_list":["post-215","page","type-page","status-publish","hentry"],"_links":{"self":[{"href":"https:\/\/36256ryd.se\/minnen\/wp-json\/wp\/v2\/pages\/215","targetHints":{"allow":["GET"]}}],"collection":[{"href":"https:\/\/36256ryd.se\/minnen\/wp-json\/wp\/v2\/pages"}],"about":[{"href":"https:\/\/36256ryd.se\/minnen\/wp-json\/wp\/v2\/types\/page"}],"author":[{"embeddable":true,"href":"https:\/\/36256ryd.se\/minnen\/wp-json\/wp\/v2\/users\/1"}],"replies":[{"embeddable":true,"href":"https:\/\/36256ryd.se\/minnen\/wp-json\/wp\/v2\/comments?post=215"}],"version-history":[{"count":3,"href":"https:\/\/36256ryd.se\/minnen\/wp-json\/wp\/v2\/pages\/215\/revisions"}],"predecessor-version":[{"id":946,"href":"https:\/\/36256ryd.se\/minnen\/wp-json\/wp\/v2\/pages\/215\/revisions\/946"}],"up":[{"embeddable":true,"href":"https:\/\/36256ryd.se\/minnen\/wp-json\/wp\/v2\/pages\/160"}],"wp:attachment":[{"href":"https:\/\/36256ryd.se\/minnen\/wp-json\/wp\/v2\/media?parent=215"}],"curies":[{"name":"wp","href":"https:\/\/api.w.org\/{rel}","templated":true}]}}

<p>Bilder tagna i Båtsjögärdet och i Ransarviksgärdet.</p>



<p>Foto: Kjell Fjällström c:a 1955</p>



ngg_shortcode_0_placeholder
<p>Visningar: 177</p>

<p>Bilder tagna i Båtsjögärdet och i Ransarviksgärdet. Foto: Kjell Fjällström c:a 1955 Visningar: 177</p>
