{"id":51,"date":"2021-02-23T13:14:49","date_gmt":"2021-02-23T13:14:49","guid":{"rendered":"https:\/\/minnen.36256ryd.se\/?page_id=51"},"modified":"2021-02-27T11:46:06","modified_gmt":"2021-02-27T11:46:06","slug":"about","status":"publish","type":"page","link":"https:\/\/36256ryd.se\/minnen\/about\/","title":{"rendered":"OM&#8230;"},"content":{"rendered":"\n<div class=\"wp-block-media-text alignwide is-stacked-on-mobile\"><figure class=\"wp-block-media-text__media\"><img loading=\"lazy\" decoding=\"async\" width=\"599\" height=\"659\" src=\"https:\/\/36256ryd.se\/minnen\/wp-content\/uploads\/2021\/02\/dafj_smp_2016.jpg\" alt=\"\" class=\"wp-image-576 size-full\" srcset=\"https:\/\/36256ryd.se\/minnen\/wp-content\/uploads\/2021\/02\/dafj_smp_2016.jpg 599w, https:\/\/36256ryd.se\/minnen\/wp-content\/uploads\/2021\/02\/dafj_smp_2016-273x300.jpg 273w, https:\/\/36256ryd.se\/minnen\/wp-content\/uploads\/2021\/02\/dafj_smp_2016-300x330.jpg 300w\" sizes=\"auto, (max-width: 599px) 100vw, 599px\" \/><\/figure><div class=\"wp-block-media-text__content\">\n<p>Jag har haft d\u00e5ligt samvete f\u00f6r att jag inte tagit vara p\u00e5 minnen som min mor, Dorotea, och min far, Kjell, ber\u00e4ttat f\u00f6r mig. I ett f\u00f6rs\u00f6k att b\u00e4ttra mig har jag nu sammanst\u00e4llt en del av den kulturhistoria deras minnen \u00e4r. <\/p>\n\n\n\n<p><em>Dan<\/em><\/p>\n<\/div><\/div>\n\n\n\n<h2 class=\"wp-block-heading\">Creative Commons<\/h2>\n\n\n\n<p>Allt material publiceras under Creative Commons licens<\/p>\n\n\n\n<figure class=\"wp-block-image size-medium\"><img loading=\"lazy\" decoding=\"async\" width=\"300\" height=\"105\" src=\"https:\/\/36256ryd.se\/minnen\/wp-content\/uploads\/2021\/02\/Cc-by-nc-sa_icon.svg_-300x105.png\" alt=\"\" class=\"wp-image-345\" srcset=\"https:\/\/36256ryd.se\/minnen\/wp-content\/uploads\/2021\/02\/Cc-by-nc-sa_icon.svg_-300x105.png 300w, https:\/\/36256ryd.se\/minnen\/wp-content\/uploads\/2021\/02\/Cc-by-nc-sa_icon.svg_-1024x358.png 1024w, https:\/\/36256ryd.se\/minnen\/wp-content\/uploads\/2021\/02\/Cc-by-nc-sa_icon.svg_-768x269.png 768w, https:\/\/36256ryd.se\/minnen\/wp-content\/uploads\/2021\/02\/Cc-by-nc-sa_icon.svg_-1536x538.png 1536w, https:\/\/36256ryd.se\/minnen\/wp-content\/uploads\/2021\/02\/Cc-by-nc-sa_icon.svg_-850x298.png 850w, https:\/\/36256ryd.se\/minnen\/wp-content\/uploads\/2021\/02\/Cc-by-nc-sa_icon.svg_.png 1920w\" sizes=\"auto, (max-width: 300px) 100vw, 300px\" \/><\/figure>\n\n\n\n<p>Foto publiceras i l\u00e5g uppl\u00f6sning. \u00d6nskas b\u00e4ttre bilder kontaktar ni mig.<\/p>\n\n\n\n<p><\/p>\n\n\n\n<p>Dan Fj\u00e4llstr\u00f6m<\/p>\n\n\n\n<p>E-post: <a href=\"mailto:dafj@36256ryd.se\" data-type=\"mailto\" data-id=\"mailto:dafj@36256ryd.se\">dafj@36256ryd.se<\/a><\/p>\n\n\n\n<p><\/p>\n<p>Visningar: 290<\/p>","protected":false},"excerpt":{"rendered":"<p>Jag har haft d\u00e5ligt samvete f\u00f6r att jag inte tagit vara p\u00e5 minnen som min mor, Dorotea, och min far, Kjell, ber\u00e4ttat f\u00f6r mig. I&hellip;<\/p>\n","protected":false},"author":1,"featured_media":0,"parent":0,"menu_order":6,"comment_status":"closed","ping_status":"closed","template":"","meta":{"ngg_post_thumbnail":0,"footnotes":""},"class_list":["post-51","page","type-page","status-publish","hentry"],"_links":{"self":[{"href":"https:\/\/36256ryd.se\/minnen\/wp-json\/wp\/v2\/pages\/51","targetHints":{"allow":["GET"]}}],"collection":[{"href":"https:\/\/36256ryd.se\/minnen\/wp-json\/wp\/v2\/pages"}],"about":[{"href":"https:\/\/36256ryd.se\/minnen\/wp-json\/wp\/v2\/types\/page"}],"author":[{"embeddable":true,"href":"https:\/\/36256ryd.se\/minnen\/wp-json\/wp\/v2\/users\/1"}],"replies":[{"embeddable":true,"href":"https:\/\/36256ryd.se\/minnen\/wp-json\/wp\/v2\/comments?post=51"}],"version-history":[{"count":2,"href":"https:\/\/36256ryd.se\/minnen\/wp-json\/wp\/v2\/pages\/51\/revisions"}],"predecessor-version":[{"id":774,"href":"https:\/\/36256ryd.se\/minnen\/wp-json\/wp\/v2\/pages\/51\/revisions\/774"}],"wp:attachment":[{"href":"https:\/\/36256ryd.se\/minnen\/wp-json\/wp\/v2\/media?parent=51"}],"curies":[{"name":"wp","href":"https:\/\/api.w.org\/{rel}","templated":true}]}}

<div class="wp-block-media-text alignwide is-stacked-on-mobile"><figure class="wp-block-media-text__media"><img loading="lazy" decoding="async" width="599" height="659" src="https://36256ryd.se/minnen/wp-content/uploads/2021/02/dafj_smp_2016.jpg" alt="" class="wp-image-576 size-full" srcset="https://36256ryd.se/minnen/wp-content/uploads/2021/02/dafj_smp_2016.jpg 599w, https://36256ryd.se/minnen/wp-content/uploads/2021/02/dafj_smp_2016-273x300.jpg 273w, https://36256ryd.se/minnen/wp-content/uploads/2021/02/dafj_smp_2016-300x330.jpg 300w" sizes="auto, (max-width: 599px) 100vw, 599px" /></figure><div class="wp-block-media-text__content">
<p>Jag har haft dåligt samvete för att jag inte tagit vara på minnen som min mor, Dorotea, och min far, Kjell, berättat för mig. I ett försök att bättra mig har jag nu sammanställt en del av den kulturhistoria deras minnen är. </p>



<p><em>Dan</em></p>
</div></div>



<h2 class="wp-block-heading">Creative Commons</h2>



<p>Allt material publiceras under Creative Commons licens</p>



<figure class="wp-block-image size-medium"><img loading="lazy" decoding="async" width="300" height="105" src="https://36256ryd.se/minnen/wp-content/uploads/2021/02/Cc-by-nc-sa_icon.svg_-300x105.png" alt="" class="wp-image-345" srcset="https://36256ryd.se/minnen/wp-content/uploads/2021/02/Cc-by-nc-sa_icon.svg_-300x105.png 300w, https://36256ryd.se/minnen/wp-content/uploads/2021/02/Cc-by-nc-sa_icon.svg_-1024x358.png 1024w, https://36256ryd.se/minnen/wp-content/uploads/2021/02/Cc-by-nc-sa_icon.svg_-768x269.png 768w, https://36256ryd.se/minnen/wp-content/uploads/2021/02/Cc-by-nc-sa_icon.svg_-1536x538.png 1536w, https://36256ryd.se/minnen/wp-content/uploads/2021/02/Cc-by-nc-sa_icon.svg_-850x298.png 850w, https://36256ryd.se/minnen/wp-content/uploads/2021/02/Cc-by-nc-sa_icon.svg_.png 1920w" sizes="auto, (max-width: 300px) 100vw, 300px" /></figure>



<p>Foto publiceras i låg upplösning. Önskas bättre bilder kontaktar ni mig.</p>



<p></p>



<p>Dan Fjällström</p>



<p>E-post: <a href="mailto:dafj@36256ryd.se" data-type="mailto" data-id="mailto:dafj@36256ryd.se">dafj@36256ryd.se</a></p>



<p></p>
<p>Visningar: 290</p>

<p>Jag har haft dåligt samvete för att jag inte tagit vara på minnen som min mor, Dorotea, och min far, Kjell, berättat för mig. I&hellip;</p>
