{"id":708,"date":"2021-02-26T17:42:17","date_gmt":"2021-02-26T17:42:17","guid":{"rendered":"https:\/\/36256ryd.se\/minnen\/?page_id=708"},"modified":"2021-04-08T20:08:45","modified_gmt":"2021-04-08T20:08:45","slug":"nomadskola","status":"publish","type":"page","link":"https:\/\/36256ryd.se\/minnen\/bilder\/nomadskola\/","title":{"rendered":"NOMADSKOLA"},"content":{"rendered":"\r\n<p>Wikipedia<\/p>\r\n\r\n\r\n\r\n<p><strong>Sameskola<\/strong>, f\u00f6re 1977&nbsp;<em>nomadskola<\/em>,&nbsp;<em>lappskola<\/em>&nbsp;eller&nbsp;<em>k\u00e5taskola<\/em>,&nbsp;\u00e4r en&nbsp;skolform&nbsp;i Sverige som l\u00f6per&nbsp;parallellt&nbsp;med&nbsp;grundskolan. Sameskolan ing\u00e5r i Sveriges offentliga skolv\u00e4sende, och lyder under grundskolans&nbsp;l\u00e4roplan. Sameskolorna \u00e4r&nbsp;statliga, och st\u00e5r \u00f6ppna f\u00f6r alla&nbsp;barn&nbsp;vars&nbsp;f\u00f6r\u00e4ldrar&nbsp;g\u00f6r anspr\u00e5k p\u00e5 att vara&nbsp;samer. P\u00e5 varje sameskola finns ett skolhem, d\u00e4r m\u00e5nga elever p\u00e5 grund av de l\u00e5nga avst\u00e5nden i&nbsp;Norrland&nbsp;bor inackorderade under stora delar av&nbsp;l\u00e4s\u00e5ret.<\/p>\r\n\r\n\r\n\r\n<p>Man inr\u00e4ttade en k\u00e5taskola i Atostugan redan p\u00e5 1910-talet och d\u00e5 i form av t\u00e4ltk\u00e5tor.&nbsp;<\/p>\r\n\r\n\r\n\r\n<p>Foto: Ok\u00e4nd<\/p>\r\nngg_shortcode_0_placeholder\r\n<p>&nbsp;<\/p>\r\n\r\n\r\n<p>Visningar: 140<\/p>","protected":false},"excerpt":{"rendered":"<p>Wikipedia Sameskola, f\u00f6re 1977&nbsp;nomadskola,&nbsp;lappskola&nbsp;eller&nbsp;k\u00e5taskola,&nbsp;\u00e4r en&nbsp;skolform&nbsp;i Sverige som l\u00f6per&nbsp;parallellt&nbsp;med&nbsp;grundskolan. Sameskolan ing\u00e5r i Sveriges offentliga skolv\u00e4sende, och lyder under grundskolans&nbsp;l\u00e4roplan. Sameskolorna \u00e4r&nbsp;statliga, och st\u00e5r \u00f6ppna f\u00f6r alla&nbsp;barn&nbsp;vars&nbsp;f\u00f6r\u00e4ldrar&nbsp;g\u00f6r&hellip;<\/p>\n","protected":false},"author":1,"featured_media":0,"parent":160,"menu_order":15,"comment_status":"open","ping_status":"closed","template":"","meta":{"ngg_post_thumbnail":0,"footnotes":""},"class_list":["post-708","page","type-page","status-publish","hentry"],"_links":{"self":[{"href":"https:\/\/36256ryd.se\/minnen\/wp-json\/wp\/v2\/pages\/708","targetHints":{"allow":["GET"]}}],"collection":[{"href":"https:\/\/36256ryd.se\/minnen\/wp-json\/wp\/v2\/pages"}],"about":[{"href":"https:\/\/36256ryd.se\/minnen\/wp-json\/wp\/v2\/types\/page"}],"author":[{"embeddable":true,"href":"https:\/\/36256ryd.se\/minnen\/wp-json\/wp\/v2\/users\/1"}],"replies":[{"embeddable":true,"href":"https:\/\/36256ryd.se\/minnen\/wp-json\/wp\/v2\/comments?post=708"}],"version-history":[{"count":6,"href":"https:\/\/36256ryd.se\/minnen\/wp-json\/wp\/v2\/pages\/708\/revisions"}],"predecessor-version":[{"id":1251,"href":"https:\/\/36256ryd.se\/minnen\/wp-json\/wp\/v2\/pages\/708\/revisions\/1251"}],"up":[{"embeddable":true,"href":"https:\/\/36256ryd.se\/minnen\/wp-json\/wp\/v2\/pages\/160"}],"wp:attachment":[{"href":"https:\/\/36256ryd.se\/minnen\/wp-json\/wp\/v2\/media?parent=708"}],"curies":[{"name":"wp","href":"https:\/\/api.w.org\/{rel}","templated":true}]}}