{"id":78,"date":"2021-02-23T16:22:59","date_gmt":"2021-02-23T16:22:59","guid":{"rendered":"https:\/\/minnen.36256ryd.se\/?page_id=78"},"modified":"2021-04-10T17:15:34","modified_gmt":"2021-04-10T17:15:34","slug":"tappa-tand","status":"publish","type":"page","link":"https:\/\/36256ryd.se\/minnen\/doroteas-minen\/tappa-tand\/","title":{"rendered":"TAPPA TAND"},"content":{"rendered":"\n<p><strong><em>Tjiere,&nbsp;tjiere&nbsp;d\u00e5lle<\/em><\/strong>&nbsp;<\/p>\n\n\n\n<p><strong><em>Dellie&nbsp;datne&nbsp;mo gam \u2013&nbsp;bannie&nbsp;\u00e5adtjodh<\/em><\/strong>&nbsp;<\/p>\n\n\n\n<p><strong><em>Vedtie&nbsp;munnjan&nbsp;orre&nbsp;baanie<\/em><\/strong>&nbsp;<\/p>\n\n\n\n<p>Det&nbsp;var&nbsp;p\u00e5 Storbacken, i&nbsp;gammelstugans v\u00e4stra rum, som jag fick l\u00e4sa&nbsp;ramsan&nbsp;vid varje tandlossning. Jag stod h\u00f6gtidligt framf\u00f6r den \u00f6ppna elden,&nbsp;\u00f6vervakad&nbsp;av&nbsp;Jimien&nbsp;och sl\u00e4ngde tanden i brasan.&nbsp;&nbsp;<\/p>\n\n\n\n<figure class=\"wp-block-image size-large\"><img loading=\"lazy\" decoding=\"async\" width=\"1024\" height=\"899\" src=\"https:\/\/36256ryd.se\/minnen\/wp-content\/uploads\/2021\/02\/Gammelstugan-vinter-1.jpg\" alt=\"\" class=\"wp-image-347\" srcset=\"https:\/\/36256ryd.se\/minnen\/wp-content\/uploads\/2021\/02\/Gammelstugan-vinter-1.jpg 1024w, https:\/\/36256ryd.se\/minnen\/wp-content\/uploads\/2021\/02\/Gammelstugan-vinter-1-300x263.jpg 300w, https:\/\/36256ryd.se\/minnen\/wp-content\/uploads\/2021\/02\/Gammelstugan-vinter-1-768x674.jpg 768w, https:\/\/36256ryd.se\/minnen\/wp-content\/uploads\/2021\/02\/Gammelstugan-vinter-1-850x746.jpg 850w\" sizes=\"auto, (max-width: 1024px) 100vw, 1024px\" \/><figcaption>Gammelstugan p\u00e5 Storbacken<\/figcaption><\/figure>\n\n\n\n<p>Denna Jimie var gift med\u00a0mors\u00a0\u00e4ldsta bror och hon hette Margareta Josefina\u00a0Barruk, f\u00f6dd den\u00a020\u00a0mars 1870.\u00a0Hennes man hette Jonas Kristoffer Kristoffersson f\u00f6dd 6 februari 1872. De gifte sig den 10 mars 1908. Jonas dog i en cykelolycka den 23 juni 1931 p\u00e5 sj\u00e4lva midsommarnatten. Han var ovan cyklist och p\u00e5 v\u00e4g hem till Storbacken fr\u00e5n Kittelfj\u00e4ll, d\u00e4r han varit med p\u00e5\u00a0fr\u00e4lsningsarm\u00e9ns\u00a0m\u00f6te, f\u00f6rolyckades han. Ett kors \u00e4r rest p\u00e5 platsen f\u00f6r olyckan.\u00a0<\/p>\n\n\n\n<p>Jimien&nbsp;v\u00e4cktes av beskedet om hans d\u00f6d och blev chockad. Min mor, Anna Alexandra&nbsp;Klementsson, fick beskedet&nbsp;per&nbsp;telefon till Atostugan. Hon och min far gick genast \u00f6ver fj\u00e4llen till Storbacken. Jag fick sk\u00f6ta huset med&nbsp;dr\u00e4ng&nbsp;(Gunnar Toren, en norsk&nbsp;same),&nbsp;sm\u00e5syskon, hundar och getter. Minns att midsommaraftonen var&nbsp;kall&nbsp;och att det inte fanns tillstymmelse till gr\u00f6nt, men att bara n\u00e5gra dagar senare var det v\u00e4rme och sp\u00e4da ljusgr\u00f6na l\u00f6v p\u00e5 bj\u00f6rkarna och gr\u00e4s p\u00e5 marken.&nbsp;<\/p>\n\n\n\n<div class=\"wp-block-image\"><figure class=\"alignleft size-large\"><img loading=\"lazy\" decoding=\"async\" width=\"652\" height=\"1024\" src=\"https:\/\/36256ryd.se\/minnen\/wp-content\/uploads\/2021\/02\/jimien-pa-Storbacken-652x1024.jpg\" alt=\"\" class=\"wp-image-349\" srcset=\"https:\/\/36256ryd.se\/minnen\/wp-content\/uploads\/2021\/02\/jimien-pa-Storbacken-652x1024.jpg 652w, https:\/\/36256ryd.se\/minnen\/wp-content\/uploads\/2021\/02\/jimien-pa-Storbacken-191x300.jpg 191w, https:\/\/36256ryd.se\/minnen\/wp-content\/uploads\/2021\/02\/jimien-pa-Storbacken-768x1206.jpg 768w, https:\/\/36256ryd.se\/minnen\/wp-content\/uploads\/2021\/02\/jimien-pa-Storbacken-978x1536.jpg 978w, https:\/\/36256ryd.se\/minnen\/wp-content\/uploads\/2021\/02\/jimien-pa-Storbacken-300x471.jpg 300w, https:\/\/36256ryd.se\/minnen\/wp-content\/uploads\/2021\/02\/jimien-pa-Storbacken-850x1335.jpg 850w, https:\/\/36256ryd.se\/minnen\/wp-content\/uploads\/2021\/02\/jimien-pa-Storbacken.jpg 1038w\" sizes=\"auto, (max-width: 652px) 100vw, 652px\" \/><figcaption>Jonas Kristoffer Kristoffersson och Margareta Josefina&nbsp;Barruk<\/figcaption><\/figure><\/div>\n\n\n\n<p><\/p>\n<p>Visningar: 90<\/p>","protected":false},"excerpt":{"rendered":"<p>Tjiere,&nbsp;tjiere&nbsp;d\u00e5lle&nbsp; Dellie&nbsp;datne&nbsp;mo gam \u2013&nbsp;bannie&nbsp;\u00e5adtjodh&nbsp; Vedtie&nbsp;munnjan&nbsp;orre&nbsp;baanie&nbsp; Det&nbsp;var&nbsp;p\u00e5 Storbacken, i&nbsp;gammelstugans v\u00e4stra rum, som jag fick l\u00e4sa&nbsp;ramsan&nbsp;vid varje tandlossning. Jag stod h\u00f6gtidligt framf\u00f6r den \u00f6ppna elden,&nbsp;\u00f6vervakad&nbsp;av&nbsp;Jimien&nbsp;och sl\u00e4ngde tanden&hellip;<\/p>\n","protected":false},"author":1,"featured_media":0,"parent":59,"menu_order":5,"comment_status":"closed","ping_status":"closed","template":"","meta":{"ngg_post_thumbnail":0,"footnotes":""},"class_list":["post-78","page","type-page","status-publish","hentry"],"_links":{"self":[{"href":"https:\/\/36256ryd.se\/minnen\/wp-json\/wp\/v2\/pages\/78","targetHints":{"allow":["GET"]}}],"collection":[{"href":"https:\/\/36256ryd.se\/minnen\/wp-json\/wp\/v2\/pages"}],"about":[{"href":"https:\/\/36256ryd.se\/minnen\/wp-json\/wp\/v2\/types\/page"}],"author":[{"embeddable":true,"href":"https:\/\/36256ryd.se\/minnen\/wp-json\/wp\/v2\/users\/1"}],"replies":[{"embeddable":true,"href":"https:\/\/36256ryd.se\/minnen\/wp-json\/wp\/v2\/comments?post=78"}],"version-history":[{"count":4,"href":"https:\/\/36256ryd.se\/minnen\/wp-json\/wp\/v2\/pages\/78\/revisions"}],"predecessor-version":[{"id":781,"href":"https:\/\/36256ryd.se\/minnen\/wp-json\/wp\/v2\/pages\/78\/revisions\/781"}],"up":[{"embeddable":true,"href":"https:\/\/36256ryd.se\/minnen\/wp-json\/wp\/v2\/pages\/59"}],"wp:attachment":[{"href":"https:\/\/36256ryd.se\/minnen\/wp-json\/wp\/v2\/media?parent=78"}],"curies":[{"name":"wp","href":"https:\/\/api.w.org\/{rel}","templated":true}]}}