{"id":89,"date":"2021-02-23T16:41:32","date_gmt":"2021-02-23T16:41:32","guid":{"rendered":"https:\/\/minnen.36256ryd.se\/?page_id=89"},"modified":"2021-04-10T17:16:27","modified_gmt":"2021-04-10T17:16:27","slug":"goksie","status":"publish","type":"page","link":"https:\/\/36256ryd.se\/minnen\/doroteas-minen\/goksie\/","title":{"rendered":"GOKSIE"},"content":{"rendered":"\n<h1 class=\"wp-block-heading\">Minnesanteckningar gjorda av Dorotea Fj\u00e4llstr\u00f6m (f. Klementsson fr\u00e5n Atostugan)<\/h1>\n\n\n\n<p>Jag var hemma p\u00e5 Storbacken en jul.<\/p>\n\n\n\n<p>I \u201dgam-stugan\u201d bodde en grupp hemv\u00e4rnsm\u00e4n. De bevakade gr\u00e4nsen mot Norge. Bland dem fanns en ung man fr\u00e5n T\u00e4rna. Han var mycket hj\u00e4lpsam emot mig och min moder. Skottade sn\u00f6, ordnade med ved, eldade och var behj\u00e4lplig p\u00e5 m\u00e5nga s\u00e4tt.<\/p>\n\n\n\n<p>Han ber\u00e4ttade att han hade en bror som l\u00e5g sjuk i TBC p\u00e5 H\u00e4lln\u00e4s sanatorium.<\/p>\n\n\n\n<p>N\u00e4r jag skulle resa tillbaka till skolan f\u00f6ljde han mig p\u00e5 skidor till Kittelfj\u00e4ll d\u00e4r bussen skulle utg\u00e5. Han bar min packning. Det var v\u00e4ldigt kallt minns jag. Eftersom min resa gick \u00f6ver H\u00e4lln\u00e4s undrade han om jag hade m\u00f6jlighet att bes\u00f6ka brodern och h\u00e4lsa fr\u00e5n honom. Det gjorde jag g\u00e4rna.<\/p>\n\n\n\n<p>Brodern blev mycket glad f\u00f6r mitt bes\u00f6k. Han var mycket sjuk och jag f\u00f6rstod att han inte hade l\u00e5ng tid kvar att leva. Jag skrev ett brev och ber\u00e4ttade om mitt bes\u00f6k och framf\u00f6rde h\u00e4lsningar. En tid senare fick jag ett b\u00e4lte och en \u201dgoksie\u201d som tack. B\u00e5da sakerna har han sj\u00e4lv tillverkat. Brodern dog inte l\u00e5ng tid efter\u00e5t.<\/p>\n\n\n\n<p>Detta var under andra v\u00e4rldskriget och l\u00e4get var mycket sp\u00e4nt.<\/p>\n\n\n\n<hr class=\"wp-block-separator\"\/>\n\n\n\n<figure class=\"wp-block-image size-large is-resized\"><img loading=\"lazy\" decoding=\"async\" src=\"https:\/\/36256ryd.se\/minnen\/wp-content\/uploads\/2021\/02\/kasa1.jpg\" alt=\"\" class=\"wp-image-356\" width=\"260\" height=\"346\" srcset=\"https:\/\/36256ryd.se\/minnen\/wp-content\/uploads\/2021\/02\/kasa1.jpg 519w, https:\/\/36256ryd.se\/minnen\/wp-content\/uploads\/2021\/02\/kasa1-225x300.jpg 225w, https:\/\/36256ryd.se\/minnen\/wp-content\/uploads\/2021\/02\/kasa1-300x400.jpg 300w\" sizes=\"auto, (max-width: 260px) 100vw, 260px\" \/><\/figure>\n\n\n\n<figure class=\"wp-block-image size-large is-resized\"><img loading=\"lazy\" decoding=\"async\" src=\"https:\/\/36256ryd.se\/minnen\/wp-content\/uploads\/2021\/02\/kasa2.jpg\" alt=\"\" class=\"wp-image-357\" width=\"214\" height=\"341\" srcset=\"https:\/\/36256ryd.se\/minnen\/wp-content\/uploads\/2021\/02\/kasa2.jpg 427w, https:\/\/36256ryd.se\/minnen\/wp-content\/uploads\/2021\/02\/kasa2-188x300.jpg 188w, https:\/\/36256ryd.se\/minnen\/wp-content\/uploads\/2021\/02\/kasa2-300x478.jpg 300w\" sizes=\"auto, (max-width: 214px) 100vw, 214px\" \/><\/figure>\n<p>Visningar: 102<\/p>","protected":false},"excerpt":{"rendered":"<p>Minnesanteckningar gjorda av Dorotea Fj\u00e4llstr\u00f6m (f. Klementsson fr\u00e5n Atostugan) Jag var hemma p\u00e5 Storbacken en jul. I \u201dgam-stugan\u201d bodde en grupp hemv\u00e4rnsm\u00e4n. De bevakade gr\u00e4nsen&hellip;<\/p>\n","protected":false},"author":1,"featured_media":0,"parent":59,"menu_order":8,"comment_status":"closed","ping_status":"closed","template":"","meta":{"ngg_post_thumbnail":0,"footnotes":""},"class_list":["post-89","page","type-page","status-publish","hentry"],"_links":{"self":[{"href":"https:\/\/36256ryd.se\/minnen\/wp-json\/wp\/v2\/pages\/89","targetHints":{"allow":["GET"]}}],"collection":[{"href":"https:\/\/36256ryd.se\/minnen\/wp-json\/wp\/v2\/pages"}],"about":[{"href":"https:\/\/36256ryd.se\/minnen\/wp-json\/wp\/v2\/types\/page"}],"author":[{"embeddable":true,"href":"https:\/\/36256ryd.se\/minnen\/wp-json\/wp\/v2\/users\/1"}],"replies":[{"embeddable":true,"href":"https:\/\/36256ryd.se\/minnen\/wp-json\/wp\/v2\/comments?post=89"}],"version-history":[{"count":3,"href":"https:\/\/36256ryd.se\/minnen\/wp-json\/wp\/v2\/pages\/89\/revisions"}],"predecessor-version":[{"id":754,"href":"https:\/\/36256ryd.se\/minnen\/wp-json\/wp\/v2\/pages\/89\/revisions\/754"}],"up":[{"embeddable":true,"href":"https:\/\/36256ryd.se\/minnen\/wp-json\/wp\/v2\/pages\/59"}],"wp:attachment":[{"href":"https:\/\/36256ryd.se\/minnen\/wp-json\/wp\/v2\/media?parent=89"}],"curies":[{"name":"wp","href":"https:\/\/api.w.org\/{rel}","templated":true}]}}